on factor of 904 and 7119?
113
Calculate the highest common divisor of 21 and 44025.
3
Calculate the highest common divisor of 124755 and 15.
15
What is the greatest common divisor of 41958 and 630?
126
Calculate the highest common factor of 75799 and 13969.
229
Calculate the greatest common factor of 1365 and 228774.
273
What is the highest common divisor of 255 and 2633385?
255
What is the greatest common divisor of 12374 and 607402?
538
Calculate the greatest common divisor of 952819 and 553.
553
What is the greatest common factor of 269 and 795433?
269
What is the greatest common divisor of 290 and 1663295?
145
Calculate the highest common factor of 138 and 185955.
69
Calculate the greatest common factor of 115962 and 1463.
77
Calculate the greatest common divisor of 34 and 13957.
17
What is the highest common factor of 348 and 492?
12
Calculate the highest common divisor of 9240 and 1316315.
385
Calculate the greatest common factor of 41220 and 360.
180
What is the greatest common divisor of 1881 and 55?
11
Calculate the greatest common factor of 295216 and 16.
16
Calculate the highest common factor of 30 and 710.
10
Calculate the highest common divisor of 259 and 543641.
259
Calculate the greatest common divisor of 50313 and 186.
93
Calculate the greatest common factor of 65 and 267410.
65
What is the greatest common divisor of 164312 and 184?
184
Calculate the greatest common divisor of 7849 and 33066.
167
Calculate the greatest common divisor of 999357 and 1074.
537
What is the greatest common divisor of 1775 and 27?
1
What is the highest common factor of 184667 and 644?
161
Calculate the greatest common factor of 144 and 2556.
36
Calculate the greatest common factor of 166 and 913.
83
Calculate the highest common divisor of 126984 and 4092.
132
Calculate the greatest common factor of 170816 and 289.
17
What is the greatest common factor of 19240 and 560920?
1480
What is the greatest common divisor of 1309119 and 3876?
969
What is the greatest common factor of 355610 and 86?
86
What is the highest common factor of 215 and 245788?
43
What is the greatest common divisor of 1075437 and 5112?
639
Calculate the greatest common factor of 14413 and 994.
497
Calculate the highest common divisor of 17296 and 276.
92
What is the highest common divisor of 649 and 211397?
59
Calculate the highest common factor of 734132 and 8183.
1169
What is the highest common divisor of 249 and 165917?
83
What is the highest common factor of 7536 and 31872?
48
Calculate the greatest common divisor of 303093 and 567.
63
Calculate the highest common factor of 397 and 1.
1
Calculate the greatest common divisor of 27765 and 18.
9
Calculate the greatest common divisor of 2245 and 46696.
449
What is the greatest common divisor of 860988 and 1884?
1884
What is the highest common factor of 1032 and 7259432?
344
What is the greatest common divisor of 16399 and 186?
31
What is the greatest common divisor of 2852 and 16845338?
1426
What is the greatest common divisor of 570 and 344850?
570
Calculate the highest common divisor of 176 and 12375.
11
Calculate the highest common divisor of 267 and 6562148.
89
What is the greatest common factor of 72 and 2980566?
18
What is the highest common factor of 13 and 170339?
13
What is the highest common factor of 288 and 25224?
24
Calculate the greatest common divisor of 480 and 3308.
4
Calculate the highest common divisor of 36 and 3620.
4
What is the highest common factor of 7461 and 45?
9
What is the highest common factor of 2646943 and 13?
13
What is the highest common factor of 170250 and 10?
10
What is the greatest common factor of 13292529 and 1041?
1041
What is the greatest common factor of 2303650 and 25?
25
Calculate the greatest common divisor of 82741 and 776.
97
What is the greatest common factor of 4313 and 28291?
19
Calculate the greatest common factor of 1509242 and 2814.
938
Calculate the highest common factor of 205 and 25502.
41
Calculate the highest common factor of 20520 and 608.
152
What is the highest common factor of 408 and 2496?
24
What is the highest common divisor of 352 and 89136?
16
What is the highest common divisor of 1551 and 3234?
33
Calculate the highest common divisor of 1061140 and 85.
85
Calculate the highest common divisor of 797 and 1210643.
797
What is the highest common divisor of 1773 and 459?
9
Calculate the greatest common divisor of 1771 and 21091.
161
What is the highest common factor of 618 and 33?
3
Calculate the greatest common divisor of 170443 and 1820.
91
What is the greatest common factor of 10922 and 4042?
86
Calculate the greatest common factor of 4822 and 6.
2
What is the greatest common divisor of 14 and 61474?
14
Calculate the greatest common factor of 352 and 7922640.
176
Calculate the greatest common divisor of 1719 and 1279509.
573
Calculate the greatest common factor of 5576 and 4216.
136
Calculate the highest common divisor of 124 and 616342.
62
What is the highest common divisor of 192153 and 52?
13
Calculate the highest common divisor of 25320 and 4440.
120
Calculate the greatest common factor of 3 and 40191.
3
Calculate the greatest common divisor of 88200 and 1848.
168
Calculate the greatest common factor of 13596 and 1221.
33
What is the greatest common divisor of 52055 and 2175?
145
Calculate the highest common divisor of 304 and 19608.
152
Calculate the greatest common factor of 173 and 473674.
173
Calculate the highest common divisor of 33471 and 72.
9
What is the greatest common factor of 792 and 34474?
22
What is the highest common divisor of 9775 and 2425?
25
What is the greatest common factor of 115781 and 1?
1
What is the greatest common factor of 3168 and 42372?
396
Calculate the greatest common factor of 618 and 25029.
309
What is the greatest common factor of 169820 and 80?
20
What is the highest common factor of 848 and 27613?
53
What is the highest common factor of 17343 and 154980?
369
What is the greatest common factor of 5365464 and 232?
232
Calculate the greatest common factor of 903521 and 438.
73
What is the greatest common factor of 157 and 57776?
157
Calculate the highest common factor of 16296 and 28504.
56
Calculate the greatest common divisor of 1717 and 91607.
101
What is the highest common factor of 2547 and 317809?
283
Calculate the greatest common divisor of 109901 and 88.
11
Calculate the highest common divisor of 178239 and 14098.
1007
What is the greatest common divisor of 7575 and 3939?
303
What is the greatest common divisor of 198012 and 580?
116
What is the highest common divisor of 402740 and 4647?
1549
Calculate the highest common factor of 37 and 11285851.
37
What is the greatest common divisor of 124 and 41044?
124
Calculate the highest common factor of 572 and 3784.
44
Calculate the highest common divisor of 9927 and 36.
9
What is the greatest common factor of 50898 and 2346?
102
What is the highest common divisor of 25008 and 624?
48
Calculate the highest common factor of 280 and 427140.
140
What is the highest common factor of 1206 and 63114?
402
What is the greatest common factor of 415082 and 10?
2
Calculate the highest common divisor of 60 and 63660.
60
Calculate the highest common divisor of 87558 and 276.
6
Calculate the highest common divisor of 10212 and 60720.
276
What is the greatest common divisor of 747 and 332?
83
Calculate the greatest common divisor of 538759 and 65.
13
What is the greatest common divisor of 1138212 and 972?
972
Calculate the highest common divisor of 4545 and 765.
45
What is the greatest common divisor of 23230 and 7245?
115
What is the greatest common divisor of 1976 and 5339?
19
What is the greatest common factor of 865 and 160?
5
What is the highest common factor of 24 and 1027352?
8
Calculate the greatest common divisor of 4558 and 21942.
106
What is the highest common factor of 1152 and 516?
12
What is the greatest common factor of 35619 and 372?
93
Calculate the highest common divisor of 11515 and 7990.
235
Calculate the greatest common factor of 12151 and 2095.
419
Calculate the highest common factor of 2318 and 210572.
122
Calculate the greatest common divisor of 761 and 2283.
761
What is the highest common factor of 13448 and 86428?
164
Calculate the greatest common factor of 2476